 4 + -5 + 0 - 2?
-3
(-2 - (-1 + 5)) + 13 + -2
5
What is the value of 12 + -17 + (-1 - -2)?
-4
(2 - 4) + -1 + -10 + 9
-4
What is the value of -7 - ((4 - 3) + -7 + -7)?
6
Evaluate -13 + 10 + -2 + 1 + 2.
-2
Evaluate 2 + -10 + (6 - -1).
-1
What is the value of (3 - 5 - -1) + 1 + 0?
0
Evaluate -1 + (-9 + -3 - (-8 + 2)).
-7
What is 2 + -5 + (-8 - -3)?
-8
What is the value of -17 - (1 + -12 - -2)?
-8
Evaluate -4 - (-1 - ((1 - 3) + 0)).
-5
Calculate 0 - -7 - (3 - (-1 + -1)).
2
4 + -1 + -2 + (13 - 16)
-2
What is 1 - ((2 - 0 - 2) + 6)?
-5
What is (14 + -5 + -4 - -1) + -1?
5
What is the value of 2 - (-1 + (-3 - -5 - 5))?
6
What is the value of (-5 - -7 - 6) + (1 - 2)?
-5
2 + 0 + -3 - (-44 + 48)
-5
Calculate 6 + -3 + (1 - 1).
3
Calculate -7 + (0 - (0 + -3)).
-4
What is (-2 - (2 + 0)) + (0 - -1)?
-3
Calculate (-1 - (-7 + 5)) + -5 + 0.
-4
(7 - 16) + (5 - -4)
0
What is -6 + 3 - ((6 - 5) + -9)?
5
What is 5 - (0 + 6 - -1)?
-2
(1 - -2 - 0) + 6 + -14
-5
Calculate 5 - (5 + 3 - 6).
3
Evaluate (3 - (7 - 7)) + (1 - 9).
-5
(6 - 3 - 2) + (-2 - -1)
0
-3 - -5 - (-4 - -3)
3
What is the value of 2 - (1 + 1 + 7 + -6)?
-1
Evaluate -1 + -6 + (5 - 0).
-2
5 + 1 - (-10 + 14 + 7)
-5
5 - (15 + -6) - -7
3
What is -27 + 15 + -6 + 11?
-7
Calculate 66 - 66 - (5 - 2).
-3
Evaluate (-3 + 3 - -6) + -2.
4
-10 + 25 + -11 - (2 - -2)
0
Calculate -2 + -3 - (-9 - 2).
6
-4 - (-10 - (-8 + 6))
4
Evaluate -2 + 4 + 0 + (14 - 14).
2
What is the value of -2 + (-13 - -3 - -11)?
-1
4 + 4 - (-3 - -10)
1
What is -5 + (6 - -2) - (3 + -8)?
8
What is (-1 - -1) + (-1 - -4) + -3?
0
Evaluate 3 + (1 - (-9 - -14)).
-1
2 + (-1 - (-2 + 1)) + -1
1
What is 1 - (-3 + 3) - (-2 + 7)?
-4
What is the value of 11 - 5 - (-1 + (9 - -3))?
-5
What is 5 + 5 + 2 + -9?
3
Calculate (-2 - (-1 + (7 - 3))) + 4.
-1
Calculate 4 + (2 - 9 - -9).
6
What is the value of 2 + (2 - 0) + -5?
-1
Evaluate -5 - (-3 + 4 + 4 + -9).
-1
(23 + 0 - 20) + 5 + 1
9
Calculate 1 - -6 - (0 - -2).
5
What is 7 - (1 + 3) - 8?
-5
Calculate -14 + 0 + (-5 - (-3 + -8)).
-8
Calculate (-2 - (-14 + 4 + 1)) + -3.
4
Evaluate -2 + -1 - (-67 - -64).
0
Calculate 1 - 3 - 2 - -3 - -3.
2
Calculate -7 + 3 + -2 + 3.
-3
-3 - (5 - 0 - (5 + 0))
-3
What is the value of -4 - (-3 - 0 - 1)?
0
What is the value of (3 - ((6 - 3) + -6)) + -5?
1
What is -7 + 16 + (-6 - -2)?
5
What is the value of 1 + -2 + (23 - 21)?
1
What is the value of (8 - 13 - -9) + 2?
6
What is the value of 1 + (3 - 0) - (24 - 20)?
0
Calculate 8 - (0 - (-1 + 2 + -5)).
4
8 + -5 - (1 - (0 - 0))
2
-4 + 0 - (-1 + 1 + -2)
-2
Evaluate 6 - 0 - (-31 - -41).
-4
-4 - (-3 - 1) - 0
0
0 - -3 - (-3 + 7 + -5)
4
What is 6 + (-6 + 5 + -2 - -5)?
8
-1 - 0 - -1 - -5
5
What is -2 + -2 - ((-3 - 0) + 2)?
-3
Calculate -6 + (3 - (-1 + -5)).
3
What is the value of 0 - 2 - (16 - 17)?
-1
What is the value of 1 - (7 - (1 - -2))?
-3
What is -24 - -12 - -21 - 16?
-7
0 + -3 - (7 - (-7 - -20))
3
Calculate (-6 + -6 - -11) + 3.
2
Calculate (-2 - 5 - 5) + 13.
1
Evaluate (1 - 3 - 12) + (4 - -2).
-8
Calculate 10 + 3 + (3 + -7 - 5).
4
What is 2 + 5 - (3 + 1 - 3)?
6
Calculate -4 + -1 - (-12 - (0 + -7)).
0
Evaluate -16 - -3 - (-40 - -22).
5
Evaluate 5 + -2 + (-4 - -2).
1
What is (-7 - -1 - -1) + 4?
-1
Calculate -3 - (-1 + (-2 - 0) + 2).
-2
Calculate 0 - -1 - (-7 - (0 + -11)).
-3
Evaluate -2 + (-1 - 0 - (-15 - -17)).
-5
What is (0 - 3) + 5 + 5 + -3?
4
(-2 - 5) + (9 - 3) + -2
-3
8 + -1 - (-15 - (-18 + -1))
3
What is 1 + 31 + -12 + -14?
6
Evaluate 5 + -5 + -5 + (3 - 1).
-3
(9 - 5) + (1 - 1)
4
What is the value of (8 + -7 - 4) + 1 + -2?
-4
What is the value of -9 - (-2 + -1 + (-2 - 0))?
-4
What is 22 - 32 - (0 - 4)?
-6
What is the value of (0 - -2) + -6 + 2 + -3?
-5
8 - 7 - (-3 + 2 + 0)
2
Evaluate -4 + -3 + 4 + (9 - 2).
4
What is -6 + (1 - (0 - (3 - 2)))?
-4
11 - (22 + -8 + -7)
4
Evaluate -18 + 12 + (2 - 3) + 4.
-3
What is 8 + -14 + 3 + 3?
0
Calculate 52 - 61 - (-13 + 0).
4
What is the value of 6 - ((-9 - -15) + -1)?
1
-8 - (-5 - -1 - 0)
-4
What is 14 - (4 + 9 + 0)?
1
What is -2 + 2 + -3 + 1?
-2
What is 3 + (-15 - -8) + (-1 - -4)?
-1
What is the value of -7 + 11 + (-4 - 3)?
-3
What is the value of -5 + (3 - ((0 - -3) + -1))?
-4
What is -3 - -4 - (-28 + 25)?
4
What is the value of 0 + -1 + (14 - 11)?
2
What is the value of -1 + 1 + 1 + 0?
1
What is 4 - -1 - (8 + 2)?
-5
What is the value of -30 + 32 - (2 + -4 + 2)?
2
What is the value of -10 - ((-4 - -4) + -4)?
-6
What is -1 + (-4 - (-8 - -4))?
-1
What is 3 + 0 - (5 + 7 + -11)?
2
Evaluate (-6 - -1) + 3 + 6.
4
What is the value of (-9 - -25) + -10 + 3?
9
0 + -5 - (-5 - -5)
-5
What is the value of 22 + -26 - (-3 - 2)?
1
(-41 - -46) + -1 + 1
5
Evaluate (0 + 0 - 4) + (5 - -1).
2
Calculate (-8 - (4 - 7)) + 2.
-3
Calculate -15 + -4 + 9 + 12.
2
3 + (0 - (-5 - -3))
5
8 - 19 - (-5 + -8)
2
1 + -7 + 5 - (-1 - 1)
1
What is the value of 0 + 3 + (3 - 8) + 5?
3
What is the value of (4 - 0 - 3) + (5 - 1)?
5
1 + 7 - (0 + 5)
3
What is the value of -3 - (3 + 1 + -3)?
-4
(3 - (0 - 0)) + (-3 - 1)
-1
2 + -1 - (-7 + 9) - -3
2
Evaluate -9 + 5 - -11 - 10.
-3
What is the value of -6 + (-2 - (-6 + -2 + 3))?
-3
What is the value of (-9 + 16 - 5) + 3?
5
Evaluate 1 + -1 + 2 - (5 + 1).
-4
-6 - (-2 + 1 + -12)
7
Evaluate (2 - -5 - 1) + -38 + 25.
-7
What is the value of 4 - (-2 + 13 + 1)?
-8
Calculate -8 - (-8 + -6 + 1).
5
What is (-3 + 3 - -1) + 2?
3
What is the value of -3 - (-4 + -2) - (7 + -3)?
-1
What is 3 + -10 + 20 + -10?
3
What is the value of (-1 - 7) + -39 + 34 - -4?
-9
Evaluate -5 - (1 - (-4 + 8)).
-2
What is 30 + -29 + (8 - 1) + -2?
6
Calculate -9 + (2 - 4) + 6.
-5
What is the value of 6 + -4 + -1 - -2?
3
Evaluate (-4 + 1 - (6 - 6)) + 5.
2
-1 - -8 - 1 - 1
5
(9 - 1) + (21 - 25)
4
Calculate 19 - 8 - (1 - -3).
7
-5 + 7 + 1 + 1
4
Evaluate 1 + 1 + -10 + -3 + 8.
-3
What is the value of -1 + (8 - 9 - 3)?
-5
What is -5 + 4 + (2 - (-2 + 8))?
-5
What is -2 - (-1 - -5 - (6 - 2))?
-2
Calculate 3 - (8 - (-1 - (-11 - -5))).
0
Calculate (0 - 5) + 15 + -9.
1
What is the value of (1 - 0) + 0 + 3 - 2?
2
What is 9 - (-9 + 1 - -10)?
7
Calculate (-9 - (-1 - -3)) + 3 - -3.
-5
Evaluate 11 - 2 - (21 + -11).
-1
-8 + (4 - (-13 + 9))
0
What is the value of (-7 - -5 - -8) + -12?
-6
Evaluate (-9 - (-8 - -11)) + 6.
-6
Evaluate 1 + 2 + -5 + 1 + 5.
4
What is the value of 6 + 3 + -7 + -3?
-1
-59 - -51 - (1 - 16)
7
(3 + -8 - (3 + -1)) + 4
-3
What is 5 + -4 - 0 - (2 + -3)?
2
(7 + (0 - 7) - -2) + 5
7
3 + (-3 + 6 - 6)
0
(2 - (-2 - (6 + -10))) + 4
4
2 + -1 + (3 - (4 + -1))
1
What is -1 + -2 + 0 + 0 + 1?
-2
-1 - (-1 + (6 - 3 - 0))
-3
Evaluate 5 + 2 - 5 - (-1 - 0).
3
2 + 6 + (11 - 14) - -1
6
(-3 + 1 - (-3 - 1)) + -4
-2
What is 5 - (4 - -3) - 0?
-2
What is the value of (5 - 6) + (7 - 12)?
-6
Evaluate (0 + 0 - -5) + 3 + -4.
4
What is the value of -4 + 6 + (-1 - -2)?
3
-1 - -3 - (2 - 3)
3
-9 - -10 - (5 + 0 - -1)
-5
4 + -2 + 4 + -11
-5
Calculate 1 - ((-1 - (2 - 7)) + -8).
5
Calculate 0 - (10 + -3 - 3).
-4
Evaluate 12 + 2 - (-37 - -46).
5
Calculate (-3 - -4 - (-3 - 1)) + -4.
1
Evaluate 0 - (-2 - -4) - -3.
1
Evaluate (0 - 1) + 2 - (-12 - -15).
-2
Calculate -3 + -1 - (3 + -11 + 2).
2
Calculate 5 + -1 + 6 + 2 + -5.
7
Calculate 2 + -7 + -1 - -6.
0
2 - (-6 - (-3 - 0))
5
Calculate (-9 - -4 - -1) + 4.
0
What is the value of 0 + 5 + 4 + -6?
3
7 + -1 + (2 - 0)
8
What is the value of (3 - -1 - 5) + (0 - 0)?
-1
Evaluate 3 - (14 - 12) - (1 + 1).
-1
(17 - 16) + (1 - (0 - 2))
4
31 - 23 - (0 + 15) - -15
8
What is the value of 3 - (2 + -5 - (2 - 5))?
3
-6 - (-7 + -1) - 3
-1
What is (-1 - -3 - 5) + -2 + 7?
2
What is the value of (3 + -6 - -7) + -5 - 3?
-4
(-2 - -12 - 7) + 0 + -4
-1
What is the value of -7 + 7 + 2 + -2?
0
What is -6 - (1 - (7 + -5 + 1))?
-4
Evaluate -3 - ((-11 - -6) + 8).
-6
1 + 11 - (-201 - -221)
-8
What is the value of 4 + (-20 - -6) + 6?
-4
What is (1 - 5) + 11 + -5 - 6?
-4
(1 - -1 - 0) + 0
2
What is the value of -1 - (-5 - (-4 - -7)) - 18?
-11
2 + -9 + (3 - 3 - -4)
-3
Evaluate -2 + -2 + (29 - 24).
1
Calculate (-7 - -6 - -3) + 5.
7
Calculate 6 + -14 + 6 + 0 + 1.
-1
What is the value of -6 + (1 - (4 - 9 - -1))?
-1
-9 - 1 - (-9 + (3 - -1))
-5
Calculate -1 - (-5 + 1) - -4.
7
-2 - (-9 + 0 + -7 + 12)
2
Evaluate (-2 - (3 + 2 + 0)) + 3.
-4
What is the value of 2 - 9 - -3 - 0 - 1?
-5
What is the value of (4 - 4 - 2) + -3?
-5
What is -2 + (-2 - 7) + 16?
5
What is -7 + (5 - (-4 -